{"id":6838,"date":"2025-12-15T23:54:55","date_gmt":"2025-12-16T06:54:55","guid":{"rendered":"https:\/\/freshmarket.com.mx\/?page_id=6838"},"modified":"2025-12-16T13:20:49","modified_gmt":"2025-12-16T20:20:49","slug":"vive-fresco","status":"publish","type":"page","link":"https:\/\/freshmarket.com.mx\/?page_id=6838","title":{"rendered":"Vive Fresco"},"content":{"rendered":"\t\t<div data-elementor-type=\"wp-page\" data-elementor-id=\"6838\" class=\"elementor elementor-6838\" data-elementor-post-type=\"page\">\n\t\t\t\t\t\t<section class=\"elementor-section elementor-top-section elementor-element elementor-element-66ee3d12 elementor-section-full_width elementor-section-height-default elementor-section-height-default\" data-id=\"66ee3d12\" data-element_type=\"section\" data-e-type=\"section\" data-settings=\"{&quot;background_background&quot;:&quot;classic&quot;,&quot;background_motion_fx_motion_fx_scrolling&quot;:&quot;yes&quot;,&quot;background_motion_fx_devices&quot;:[&quot;desktop&quot;,&quot;tablet&quot;,&quot;mobile&quot;]}\">\n\t\t\t\t\t\t<div class=\"elementor-container elementor-column-gap-default\">\n\t\t\t\t\t<div class=\"elementor-column elementor-col-100 elementor-top-column elementor-element elementor-element-752d1fbd\" data-id=\"752d1fbd\" data-element_type=\"column\" data-e-type=\"column\">\n\t\t\t<div class=\"elementor-widget-wrap elementor-element-populated\">\n\t\t\t\t\t\t<section class=\"elementor-section elementor-inner-section elementor-element elementor-element-715fb906 elementor-section-full_width elementor-section-height-default elementor-section-height-default\" data-id=\"715fb906\" data-element_type=\"section\" data-e-type=\"section\">\n\t\t\t\t\t\t<div class=\"elementor-container elementor-column-gap-default\">\n\t\t\t\t\t<div class=\"elementor-column elementor-col-100 elementor-inner-column elementor-element elementor-element-15d27e57 elementor-invisible\" data-id=\"15d27e57\" data-element_type=\"column\" data-e-type=\"column\" data-settings=\"{&quot;animation&quot;:&quot;slideInLeft&quot;}\">\n\t\t\t<div class=\"elementor-widget-wrap elementor-element-populated\">\n\t\t\t\t\t\t<div class=\"elementor-element elementor-element-334d9f7b elementor-invisible elementor-widget elementor-widget-heading\" data-id=\"334d9f7b\" data-element_type=\"widget\" data-e-type=\"widget\" data-settings=\"{&quot;_animation&quot;:&quot;slideInUp&quot;}\" data-widget_type=\"heading.default\">\n\t\t\t\t<div class=\"elementor-widget-container\">\n\t\t\t\t\t<h2 class=\"elementor-heading-title elementor-size-default\">VIVE FRESCO<\/h2>\t\t\t\t<\/div>\n\t\t\t\t<\/div>\n\t\t\t\t<div class=\"elementor-element elementor-element-2b52dc26 animated-slow elementor-invisible elementor-widget elementor-widget-heading\" data-id=\"2b52dc26\" data-element_type=\"widget\" data-e-type=\"widget\" data-settings=\"{&quot;_animation&quot;:&quot;bounceInUp&quot;}\" data-widget_type=\"heading.default\">\n\t\t\t\t<div class=\"elementor-widget-container\">\n\t\t\t\t\t<h2 class=\"elementor-heading-title elementor-size-default\">Inspiraci\u00f3n Fresca <br>Cada D\u00eda \n<\/h2>\t\t\t\t<\/div>\n\t\t\t\t<\/div>\n\t\t\t\t<div class=\"elementor-element elementor-element-567bf877 elementor-widget elementor-widget-heading\" data-id=\"567bf877\" data-element_type=\"widget\" data-e-type=\"widget\" data-widget_type=\"heading.default\">\n\t\t\t\t<div class=\"elementor-widget-container\">\n\t\t\t\t\t<h2 class=\"elementor-heading-title elementor-size-default\">Bienvenido a Vive Fresco, tu espacio de inspiraci\u00f3n donde nutrici\u00f3n, sabor y comunidad se encuentran.\nCada edici\u00f3n te trae consejos exclusivos sobre alimentos de calidad, noticias de Fresh y actividades dise\u00f1adas para que vivas tu mejor versi\u00f3n. Porque la frescura se siente.\n<\/h2>\t\t\t\t<\/div>\n\t\t\t\t<\/div>\n\t\t\t\t\t<\/div>\n\t\t<\/div>\n\t\t\t\t\t<\/div>\n\t\t<\/section>\n\t\t\t\t<div class=\"elementor-element elementor-element-424ff93f elementor-widget__width-auto elementor-fixed elementor-widget elementor-widget-image\" data-id=\"424ff93f\" data-element_type=\"widget\" data-e-type=\"widget\" data-settings=\"{&quot;_position&quot;:&quot;fixed&quot;}\" data-widget_type=\"image.default\">\n\t\t\t\t<div class=\"elementor-widget-container\">\n\t\t\t\t\t\t\t\t\t\t\t\t\t\t\t\t<a href=\"https:\/\/api.whatsapp.com\/send\/?phone=5213318635969&#038;text=Hola%2C+me+gustar%C3%ADa+m%C3%A1s+informaci%C3%B3n.&#038;type=phone_number&#038;app_absent=0\" target=\"_blank\">\n\t\t\t\t\t\t\t<img decoding=\"async\" width=\"119\" height=\"144\" src=\"https:\/\/freshmarket.com.mx\/wp-content\/uploads\/2025\/12\/CHAT-1.png\" class=\"elementor-animation-float attachment-full size-full wp-image-6671\" alt=\"\" \/>\t\t\t\t\t\t\t\t<\/a>\n\t\t\t\t\t\t\t\t\t\t\t\t\t\t\t<\/div>\n\t\t\t\t<\/div>\n\t\t\t\t\t<\/div>\n\t\t<\/div>\n\t\t\t\t\t<\/div>\n\t\t<\/section>\n\t\t\t\t<section class=\"elementor-section elementor-top-section elementor-element elementor-element-73e655e2 elementor-section-full_width elementor-section-height-default elementor-section-height-default\" data-id=\"73e655e2\" data-element_type=\"section\" data-e-type=\"section\" id=\"promociones\">\n\t\t\t\t\t\t<div class=\"elementor-container elementor-column-gap-default\">\n\t\t\t\t\t<div class=\"elementor-column elementor-col-100 elementor-top-column elementor-element elementor-element-5ec0958e\" data-id=\"5ec0958e\" data-element_type=\"column\" data-e-type=\"column\">\n\t\t\t<div class=\"elementor-widget-wrap elementor-element-populated\">\n\t\t\t\t\t\t<section class=\"elementor-section elementor-inner-section elementor-element elementor-element-1085292b elementor-section-full_width seccion elementor-section-height-default elementor-section-height-default\" data-id=\"1085292b\" data-element_type=\"section\" data-e-type=\"section\" id=\"culiacan\">\n\t\t\t\t\t\t<div class=\"elementor-container elementor-column-gap-default\">\n\t\t\t\t\t<div class=\"elementor-column elementor-col-100 elementor-inner-column elementor-element elementor-element-37fdb1c0\" data-id=\"37fdb1c0\" data-element_type=\"column\" data-e-type=\"column\">\n\t\t\t<div class=\"elementor-widget-wrap elementor-element-populated\">\n\t\t\t\t\t\t<div class=\"elementor-element elementor-element-3377c4c7 elementor-widget elementor-widget-shortcode\" data-id=\"3377c4c7\" data-element_type=\"widget\" data-e-type=\"widget\" data-widget_type=\"shortcode.default\">\n\t\t\t\t<div class=\"elementor-widget-container\">\n\t\t\t\t\t\t\t<div class=\"elementor-shortcode\"><div class=\"_df_book df-lite\" id=\"df_6560\"  _slug=\"noviembre-2025\" data-title=\"noviembre-2025\" wpoptions=\"true\" thumb=\"https:\/\/freshmarket.com.mx\/wp-content\/uploads\/2025\/12\/NOVIEMBRE-2025.jpg.jpeg\" thumbtype=\"\" ><\/div><script class=\"df-shortcode-script\" nowprocket type=\"application\/javascript\">window.option_df_6560 = {\"outline\":[],\"backgroundColor\":\"#F4EBCB\",\"autoEnableOutline\":\"false\",\"autoEnableThumbnail\":\"false\",\"overwritePDFOutline\":\"false\",\"direction\":\"1\",\"pageSize\":\"0\",\"source\":\"https:\\\/\\\/freshmarket.com.mx\\\/wp-content\\\/uploads\\\/2025\\\/12\\\/NOV25-VF-V1.pdf\",\"wpOptions\":\"true\"}; if(window.DFLIP && window.DFLIP.parseBooks){window.DFLIP.parseBooks();}<\/script><\/div>\n\t\t\t\t\t\t<\/div>\n\t\t\t\t<\/div>\n\t\t\t\t\t<\/div>\n\t\t<\/div>\n\t\t\t\t\t<\/div>\n\t\t<\/section>\n\t\t\t\t\t<\/div>\n\t\t<\/div>\n\t\t\t\t\t<\/div>\n\t\t<\/section>\n\t\t\t\t<section class=\"elementor-section elementor-top-section elementor-element elementor-element-16b5ef48 elementor-section-full_width elementor-hidden-desktop elementor-hidden-tablet elementor-hidden-mobile elementor-section-height-default elementor-section-height-default\" data-id=\"16b5ef48\" data-element_type=\"section\" data-e-type=\"section\" data-settings=\"{&quot;background_background&quot;:&quot;classic&quot;,&quot;background_motion_fx_motion_fx_scrolling&quot;:&quot;yes&quot;,&quot;background_motion_fx_devices&quot;:[&quot;desktop&quot;,&quot;tablet&quot;,&quot;mobile&quot;]}\">\n\t\t\t\t\t\t<div class=\"elementor-container elementor-column-gap-default\">\n\t\t\t\t\t<div class=\"elementor-column elementor-col-100 elementor-top-column elementor-element elementor-element-1436ee5a\" data-id=\"1436ee5a\" data-element_type=\"column\" data-e-type=\"column\">\n\t\t\t<div class=\"elementor-widget-wrap elementor-element-populated\">\n\t\t\t\t\t\t<section class=\"elementor-section elementor-inner-section elementor-element elementor-element-48175c26 elementor-section-full_width elementor-section-height-default elementor-section-height-default\" data-id=\"48175c26\" data-element_type=\"section\" data-e-type=\"section\">\n\t\t\t\t\t\t<div class=\"elementor-container elementor-column-gap-default\">\n\t\t\t\t\t<div class=\"elementor-column elementor-col-100 elementor-inner-column elementor-element elementor-element-17844154 elementor-invisible\" data-id=\"17844154\" data-element_type=\"column\" data-e-type=\"column\" data-settings=\"{&quot;animation&quot;:&quot;slideInLeft&quot;}\">\n\t\t\t<div class=\"elementor-widget-wrap elementor-element-populated\">\n\t\t\t\t\t\t<div class=\"elementor-element elementor-element-3ba75097 animated-slow elementor-invisible elementor-widget elementor-widget-heading\" data-id=\"3ba75097\" data-element_type=\"widget\" data-e-type=\"widget\" data-settings=\"{&quot;_animation&quot;:&quot;bounceInUp&quot;}\" data-widget_type=\"heading.default\">\n\t\t\t\t<div class=\"elementor-widget-container\">\n\t\t\t\t\t<h2 class=\"elementor-heading-title elementor-size-default\">Ediciones<\/h2>\t\t\t\t<\/div>\n\t\t\t\t<\/div>\n\t\t\t\t\t<\/div>\n\t\t<\/div>\n\t\t\t\t\t<\/div>\n\t\t<\/section>\n\t\t\t\t<section class=\"elementor-section elementor-inner-section elementor-element elementor-element-75e92fd0 elementor-section-full_width elementor-section-height-default elementor-section-height-default\" data-id=\"75e92fd0\" data-element_type=\"section\" data-e-type=\"section\">\n\t\t\t\t\t\t<div class=\"elementor-container elementor-column-gap-default\">\n\t\t\t\t\t<div class=\"elementor-column elementor-col-100 elementor-inner-column elementor-element elementor-element-28f7741c elementor-invisible\" data-id=\"28f7741c\" data-element_type=\"column\" data-e-type=\"column\" data-settings=\"{&quot;animation&quot;:&quot;slideInLeft&quot;}\">\n\t\t\t<div class=\"elementor-widget-wrap elementor-element-populated\">\n\t\t\t\t\t\t<div class=\"elementor-element elementor-element-6d15515 elementor-widget elementor-widget-html\" data-id=\"6d15515\" data-element_type=\"widget\" data-e-type=\"widget\" data-widget_type=\"html.default\">\n\t\t\t\t<div class=\"elementor-widget-container\">\n\t\t\t\t\t<!-- Carrusel de meses con shortcodes DFlip -->\r\n<div class=\"meses-carrusel ancho80\">\r\n  <div class=\"swiper\">\r\n    <div class=\"swiper-wrapper\">\r\n\r\n      \r\n <!-- Octubre -->\r\n      <div class=\"swiper-slide\">\r\n        <div class=\"mes-item\">\r\n          <div class=\"mes-nombre\">Octubre<\/div>\r\n          <div class=\"mes-shortcode\"><div class=\"_df_thumb \" id=\"df_515\"  _slug=\"436-revision-v1\" data-title=\"departamento-farmacia-2022\" wpoptions=\"true\" thumbtype=\"\" >Departamento Farmacia 2022<\/div><script class=\"df-shortcode-script\" nowprocket type=\"application\/javascript\">window.option_df_515 = {\"webgl\":\"true\",\"height\":\"auto\",\"duration\":800,\"hard\":\"none\",\"direction\":1,\"wpOptions\":\"true\"}; if(window.DFLIP && window.DFLIP.parseBooks){window.DFLIP.parseBooks();}<\/script><\/div>\r\n          <div class=\"mes-anio\">2025<\/div>\r\n        <\/div>\r\n      <\/div>      \r\n      <!-- Septiembre -->\r\n      <div class=\"swiper-slide\">\r\n        <div class=\"mes-item\">\r\n          <div class=\"mes-nombre\">Septiembre<\/div>\r\n          <div class=\"mes-shortcode\"><div class=\"_df_thumb \" id=\"df_577\"  _slug=\"chocolateria-2\" data-title=\"freshmarket_chocolateria_2022\" wpoptions=\"true\" thumbtype=\"\" >Freshmarket_CHOCOLATERIA_2022<\/div><script class=\"df-shortcode-script\" nowprocket type=\"application\/javascript\">window.option_df_577 = {\"webgl\":\"true\",\"height\":\"auto\",\"duration\":800,\"hard\":\"none\",\"direction\":1,\"wpOptions\":\"true\"}; if(window.DFLIP && window.DFLIP.parseBooks){window.DFLIP.parseBooks();}<\/script><\/div>\r\n          <div class=\"mes-anio\">2025<\/div>\r\n        <\/div>\r\n      <\/div>\r\n\r\n      <!-- Agosto -->\r\n      <div class=\"swiper-slide\">\r\n        <div class=\"mes-item\">\r\n          <div class=\"mes-nombre\">Agosto<\/div>\r\n          <div class=\"mes-shortcode\"><div class=\"_df_thumb \" id=\"df_537\"  _slug=\"life-style-2022\" data-title=\"life-style-2022\" wpoptions=\"true\" thumbtype=\"\" >Life Style 2022<\/div><script class=\"df-shortcode-script\" nowprocket type=\"application\/javascript\">window.option_df_537 = {\"webgl\":\"true\",\"height\":\"auto\",\"duration\":800,\"hard\":\"none\",\"direction\":1,\"wpOptions\":\"true\"}; if(window.DFLIP && window.DFLIP.parseBooks){window.DFLIP.parseBooks();}<\/script><\/div>\r\n          <div class=\"mes-anio\">2025<\/div>\r\n        <\/div>\r\n      <\/div>\r\n\r\n      <!-- Julio -->\r\n      <div class=\"swiper-slide\">\r\n        <div class=\"mes-item\">\r\n          <div class=\"mes-nombre\">Julio<\/div>\r\n          <div class=\"mes-shortcode\"><div class=\"_df_thumb \" id=\"df_538\"  _slug=\"537-revision-v1\" data-title=\"life-style-2022\" wpoptions=\"true\" thumbtype=\"\" >Life Style 2022<\/div><script class=\"df-shortcode-script\" nowprocket type=\"application\/javascript\">window.option_df_538 = {\"webgl\":\"true\",\"height\":\"auto\",\"duration\":800,\"hard\":\"none\",\"direction\":1,\"wpOptions\":\"true\"}; if(window.DFLIP && window.DFLIP.parseBooks){window.DFLIP.parseBooks();}<\/script><\/div>\r\n          <div class=\"mes-anio\">2025<\/div>\r\n        <\/div>\r\n      <\/div>\r\n\r\n      <!-- Junio -->\r\n      <div class=\"swiper-slide\">\r\n        <div class=\"mes-item\">\r\n          <div class=\"mes-nombre\">Junio<\/div>\r\n          <div class=\"mes-shortcode\"><div class=\"_df_thumb \" id=\"df_539\"  _slug=\"foto-4\" data-title=\"freshmarket_frutas-y-verduras-panorama_2022\" wpoptions=\"true\" thumbtype=\"\" >Freshmarket_frutas y verduras panorama_2022<\/div><script class=\"df-shortcode-script\" nowprocket type=\"application\/javascript\">window.option_df_539 = {\"webgl\":\"true\",\"height\":\"auto\",\"duration\":800,\"hard\":\"none\",\"direction\":1,\"wpOptions\":\"true\"}; if(window.DFLIP && window.DFLIP.parseBooks){window.DFLIP.parseBooks();}<\/script><\/div>\r\n          <div class=\"mes-anio\">2025<\/div>\r\n        <\/div>\r\n      <\/div>\r\n\r\n      <!-- Mayo -->\r\n      <div class=\"swiper-slide\">\r\n        <div class=\"mes-item\">\r\n          <div class=\"mes-nombre\">Mayo<\/div>\r\n          <div class=\"mes-shortcode\"><div class=\"_df_thumb \" id=\"df_540\"  _slug=\"537-revision-v1\" data-title=\"life-style-2022\" wpoptions=\"true\" thumbtype=\"\" >Life Style 2022<\/div><script class=\"df-shortcode-script\" nowprocket type=\"application\/javascript\">window.option_df_540 = {\"webgl\":\"true\",\"height\":\"auto\",\"duration\":800,\"hard\":\"none\",\"direction\":1,\"wpOptions\":\"true\"}; if(window.DFLIP && window.DFLIP.parseBooks){window.DFLIP.parseBooks();}<\/script><\/div>\r\n          <div class=\"mes-anio\">2025<\/div>\r\n        <\/div>\r\n      <\/div>\r\n\r\n      <!-- Abril -->\r\n      <div class=\"swiper-slide\">\r\n        <div class=\"mes-item\">\r\n          <div class=\"mes-nombre\">Abril<\/div>\r\n          <div class=\"mes-shortcode\"><div class=\"_df_thumb \" id=\"df_541\"  _slug=\"537-revision-v1\" data-title=\"life-style-2022\" wpoptions=\"true\" thumbtype=\"\" >Life Style 2022<\/div><script class=\"df-shortcode-script\" nowprocket type=\"application\/javascript\">window.option_df_541 = {\"webgl\":\"true\",\"height\":\"auto\",\"duration\":800,\"hard\":\"none\",\"direction\":1,\"wpOptions\":\"true\"}; if(window.DFLIP && window.DFLIP.parseBooks){window.DFLIP.parseBooks();}<\/script><\/div>\r\n          <div class=\"mes-anio\">2025<\/div>\r\n        <\/div>\r\n      <\/div>\r\n\r\n      <!-- Febrero -->\r\n      <div class=\"swiper-slide\">\r\n        <div class=\"mes-item\">\r\n          <div class=\"mes-nombre\">Febrero<\/div>\r\n          <div class=\"mes-shortcode\"><div class=\"_df_thumb \" id=\"df_542\"  _slug=\"537-revision-v1\" data-title=\"life-style-2022\" wpoptions=\"true\" thumbtype=\"\" >Life Style 2022<\/div><script class=\"df-shortcode-script\" nowprocket type=\"application\/javascript\">window.option_df_542 = {\"webgl\":\"true\",\"height\":\"auto\",\"duration\":800,\"hard\":\"none\",\"direction\":1,\"wpOptions\":\"true\"}; if(window.DFLIP && window.DFLIP.parseBooks){window.DFLIP.parseBooks();}<\/script><\/div>\r\n          <div class=\"mes-anio\">2025<\/div>\r\n        <\/div>\r\n      <\/div>\r\n\r\n      <!-- Enero -->\r\n      <div class=\"swiper-slide\">\r\n        <div class=\"mes-item\">\r\n          <div class=\"mes-nombre\">Enero<\/div>\r\n          <div class=\"mes-shortcode\"><div class=\"_df_thumb \" id=\"543\"  data-title=\"\" wpoptions=\"true\" thumbtype=\"\" >Open Book<\/div><\/div>\r\n          <div class=\"mes-anio\">2025<\/div>\r\n        <\/div>\r\n      <\/div>\r\n\r\n    <\/div>\r\n    <!-- Flechas -->\r\n    <div class=\"swiper-button-prev\"><\/div>\r\n    <div class=\"swiper-button-next\"><\/div>\r\n  <\/div>\r\n<\/div>\r\n\r\n<!-- SwiperJS (CDN) -->\r\n<link\r\n  rel=\"stylesheet\"\r\n  href=\"https:\/\/cdn.jsdelivr.net\/npm\/swiper@11\/swiper-bundle.min.css\"\r\n\/>\r\n<script src=\"https:\/\/cdn.jsdelivr.net\/npm\/swiper@11\/swiper-bundle.min.js\"><\/script>\r\n\r\n<style>\r\n\/* --- CARRUSEL CONFIG --- *\/\r\n.meses-carrusel.ancho80 {\r\n  width: 80%;\r\n  margin: 0 auto;\r\n  position: relative;\r\n  padding: 50px 0;\r\n  background: #F4EBCB;\r\n  overflow: hidden;\r\n}\r\n\r\n\/* --- CONTENIDO --- *\/\r\n.mes-item {\r\n  text-align: center;\r\n  display: flex;\r\n  flex-direction: column;\r\n  align-items: center;\r\n}\r\n\r\n.mes-nombre {\r\n  color: #A3BD31;\r\n  font-family: 'FreshDisplayTT-Bold', sans-serif;\r\n  font-size: 2em;\r\n  margin-bottom: 0.7em;\r\n}\r\n\r\n.mes-shortcode {\r\n  margin-bottom: 0.8em;\r\n  transform: scale(1.4); \/* aumentamos el tama\u00f1o general *\/\r\n  transform-origin: center;\r\n}\r\n\r\n.mes-shortcode iframe,\r\n.mes-shortcode img {\r\n  height: 400% !important; \/* doble del tama\u00f1o anterior *\/\r\n  width: auto !important;\r\n  object-fit: contain;\r\n}\r\n\r\n.mes-anio {\r\n  color: #1F1F1F;\r\n  font-family: 'FreshDisplayTT-Regular', sans-serif;\r\n  font-size: 1.5em;\r\n}\r\n\r\n\/* --- SWIPER --- *\/\r\n.swiper {\r\n  width: 100%;\r\n  height: auto;\r\n}\r\n\r\n.swiper-button-prev,\r\n.swiper-button-next {\r\n  color: #216C33; \/* flechas verdes *\/\r\n  transition: 0.3s;\r\n}\r\n\r\n.swiper-button-prev:hover,\r\n.swiper-button-next:hover {\r\n  transform: scale(1.2);\r\n}\r\n\r\n.swiper-slide {\r\n  display: flex;\r\n  justify-content: center;\r\n}\r\n\r\n\/* --- RESPONSIVO --- *\/\r\n@media (max-width: 1024px) {\r\n  .mes-nombre { font-size: 1.8em; }\r\n  .mes-anio { font-size: 1.3em; }\r\n  .mes-shortcode { transform: scale(1.2); }\r\n}\r\n\r\n@media (max-width: 768px) {\r\n  .mes-nombre { font-size: 1.5em; }\r\n  .mes-anio { font-size: 1.2em; }\r\n  .mes-shortcode { transform: scale(1); }\r\n}\r\n<\/style>\r\n\r\n<script>\r\ndocument.addEventListener(\"DOMContentLoaded\", function () {\r\n  new Swiper(\".swiper\", {\r\n    slidesPerView: 3,\r\n    spaceBetween: 30,\r\n    loop: true,\r\n    autoplay: {\r\n      delay: 5000, \/\/ ahora 5 segundos\r\n      disableOnInteraction: false,\r\n    },\r\n    navigation: {\r\n      nextEl: \".swiper-button-next\",\r\n      prevEl: \".swiper-button-prev\",\r\n    },\r\n    breakpoints: {\r\n      1024: { slidesPerView: 3 },\r\n      768: { slidesPerView: 2 },\r\n      0: { slidesPerView: 1 },\r\n    },\r\n  });\r\n});\r\n<\/script>\r\n\t\t\t\t<\/div>\n\t\t\t\t<\/div>\n\t\t\t\t\t<\/div>\n\t\t<\/div>\n\t\t\t\t\t<\/div>\n\t\t<\/section>\n\t\t\t\t<div class=\"elementor-element elementor-element-6c007e67 elementor-widget__width-auto elementor-fixed elementor-widget elementor-widget-image\" data-id=\"6c007e67\" data-element_type=\"widget\" data-e-type=\"widget\" data-settings=\"{&quot;_position&quot;:&quot;fixed&quot;}\" data-widget_type=\"image.default\">\n\t\t\t\t<div class=\"elementor-widget-container\">\n\t\t\t\t\t\t\t\t\t\t\t\t\t\t\t\t<a href=\"https:\/\/api.whatsapp.com\/send\/?phone=5213318635969&#038;text=Hola%2C+me+gustar%C3%ADa+m%C3%A1s+informaci%C3%B3n.&#038;type=phone_number&#038;app_absent=0\" target=\"_blank\">\n\t\t\t\t\t\t\t<img decoding=\"async\" width=\"119\" height=\"144\" src=\"https:\/\/freshmarket.com.mx\/wp-content\/uploads\/2025\/12\/CHAT-1.png\" class=\"elementor-animation-float attachment-full size-full wp-image-6671\" alt=\"\" \/>\t\t\t\t\t\t\t\t<\/a>\n\t\t\t\t\t\t\t\t\t\t\t\t\t\t\t<\/div>\n\t\t\t\t<\/div>\n\t\t\t\t\t<\/div>\n\t\t<\/div>\n\t\t\t\t\t<\/div>\n\t\t<\/section>\n\t\t\t\t<\/div>\n\t\t","protected":false},"excerpt":{"rendered":"<p>VIVE FRESCO Inspiraci\u00f3n Fresca Cada D\u00eda Bienvenido a Vive Fresco, tu espacio de inspiraci\u00f3n donde nutrici\u00f3n, sabor y comunidad se encuentran. Cada edici\u00f3n te trae consejos exclusivos sobre alimentos de calidad, noticias de Fresh y actividades dise\u00f1adas para que vivas tu mejor versi\u00f3n. Porque la frescura se siente. Ediciones Octubre 2025 Septiembre 2025 Agosto 2025 [&hellip;]<\/p>\n","protected":false},"author":1,"featured_media":0,"parent":0,"menu_order":0,"comment_status":"closed","ping_status":"closed","template":"elementor_header_footer","meta":{"footnotes":""},"class_list":["post-6838","page","type-page","status-publish","hentry"],"aioseo_notices":[],"_links":{"self":[{"href":"https:\/\/freshmarket.com.mx\/index.php?rest_route=\/wp\/v2\/pages\/6838","targetHints":{"allow":["GET"]}}],"collection":[{"href":"https:\/\/freshmarket.com.mx\/index.php?rest_route=\/wp\/v2\/pages"}],"about":[{"href":"https:\/\/freshmarket.com.mx\/index.php?rest_route=\/wp\/v2\/types\/page"}],"author":[{"embeddable":true,"href":"https:\/\/freshmarket.com.mx\/index.php?rest_route=\/wp\/v2\/users\/1"}],"replies":[{"embeddable":true,"href":"https:\/\/freshmarket.com.mx\/index.php?rest_route=%2Fwp%2Fv2%2Fcomments&post=6838"}],"version-history":[{"count":7,"href":"https:\/\/freshmarket.com.mx\/index.php?rest_route=\/wp\/v2\/pages\/6838\/revisions"}],"predecessor-version":[{"id":6880,"href":"https:\/\/freshmarket.com.mx\/index.php?rest_route=\/wp\/v2\/pages\/6838\/revisions\/6880"}],"wp:attachment":[{"href":"https:\/\/freshmarket.com.mx\/index.php?rest_route=%2Fwp%2Fv2%2Fmedia&parent=6838"}],"curies":[{"name":"wp","href":"https:\/\/api.w.org\/{rel}","templated":true}]}}